be (x/7)/((-16)/56). Let h(y) = 1 - 2*y**3 - 5*y**3 - 118*y - y**p + 119*y. Determine h(-1).
6
Let c(o) = -20*o**2 + 3*o + 9. Suppose 4*y + 6 = 2*y, 2*x - 5*y - 23 = 0. Let i(d) = 10*d**2 - 2*d - 5. Let m(v) = x*c(v) + 7*i(v). What is m(1)?
-11
Let s = -792 + 800. Let w(g) = -g + 2. What is w(s)?
-6
Let j(p) = -p**3 - 8*p**2 - 10*p - 5. Let s(y) = -y**2 - 4*y - 7. Let f be s(-4). What is j(f)?
16
Let y(t) be the third derivative of -t**6/60 - t**5/6 - t**4/12 + 5*t**3/6 + 149*t**2. What is y(-5)?
15
Let i(z) = -15*z**2 - z - 1. Let o(l) = 11 + 0 + l + 7 + 4. Let u be o(-7). Let f = u + -16. What is i(f)?
-15
Let k(r) = r**3 + 7*r**2 + 4*r - 18. Let h be k(-6). Let y be 0/(2 - (-3 - h)). Let m(z) = -z + 2*z + z**2 + 4 - 2. Give m(y).
2
Let c(y) be the first derivative of 3*y - 1/12*y**4 - 1/2*y**3 + 2 + 2*y**2. Let b(n) be the first derivative of c(n). What is b(-4)?
0
Let h(a) = 5*a**2 + 8*a + 9. Let m(z) = -27*z**2 - 40*z - 46. Let s(i) = -11*h(i) - 2*m(i). Calculate s(-8).
-7
Let o(q) = -4*q - 12. Let f = 112 + -117. Calculate o(f).
8
Let b(z) = 4*z**2 - 2*z - 2. Let x(r) = -5*r**2 + 3*r + 3. Let w(y) = 6*b(y) + 5*x(y). Suppose 5*j + 30 = 5*v, -7*v = -3*v - 5*j - 27. What is w(v)?
3
Let c be ((-3)/4)/(1/(-8)). Suppose c = 5*i + x - 10, 5*i - 14 = x. Let m(f) = -2 - 3*f - f + 5 + i*f. Calculate m(4).
-1
Let o be 2*36/(-63)*(-7)/2. Let m(l) = 2*l**2 - 5*l + 3. Calculate m(o).
15
Let k(z) = -31*z**2 + 4*z + 11. Let u(i) = 17*i**2 - 2*i - 6. Let x(r) = -6*k(r) - 11*u(r). What is x(-4)?
-8
Let p = -8 + 3. Let a(q) = 1. Let j(b) be the third derivative of b**4/24 - b**3/3 + 14*b**2. Let v(o) = 3*a(o) + j(o). Give v(p).
-4
Let i = -15 + 4. Let x(q) = -q**2 - 9*q + 4. Calculate x(i).
-18
Let k(d) = d + 2. Let c(q) = q**2 + 10*q + 14. Let r be c(-7). Give k(r).
-5
Let g(c) = -10*c - 3. Let x(l) = 2*l**2 + 5. Let i be x(0). Suppose 0 = 7*m + i*m + 24. What is g(m)?
17
Let c(d) = 9*d + 6 - 9*d + 3*d + 5*d + 2*d. Calculate c(6).
66
Let v(h) = h + 3. Let k = 5 + -8. Let q be v(k). Let x(i) = 0 - i + 6 + q*i + 2. Give x(6).
2
Let m(g) = -2*g + 4. Let v = 272 + -272. Determine m(v).
4
Let a = 19 + -7. Suppose 0 = -6*l + 5*l + a. Let h be l/(-16)*-4 - -3. Let y(f) = f - 1. Calculate y(h).
5
Let r(g) = -g**2 + 11*g - 32. Let z be (-18)/((-1440)/10) + (-94)/(-16). Determine r(z).
-2
Let n(h) = 24*h - 289. Let u be n(12). Let w(j) = 2 - j + 2 - 5. Calculate w(u).
0
Let a(y) = y**2 - 11*y + 1. Let s be a(11). Let v(u) = -u**2 - u**3 + 7*u + 3 - 6 + s - 4*u**2. Determine v(-6).
-8
Let t(r) = -5*r**2 + 9*r**3 - 4*r**3 - 4*r**3. What is t(5)?
0
Let f(k) = k - 1. Let g be (8/12)/(3/45). Suppose -4*m = -g*m - 36. Give f(m).
-7
Let x(s) be the first derivative of 5*s**2/2 - 4*s - 15. Let g(a) = -1 + 3*a - 4*a + 0. Let t(f) = -6*g(f) - x(f). Calculate t(0).
10
Let k(u) = -u**2 - 3*u - 6. Let h(n) = -n**3 + 2*n**2. Let o be h(2). Calculate k(o).
-6
Suppose -4*w = -16, w + 0*w = 2*o + 8. Let y be (-8)/o + -7 + -2. Let g(i) be the first derivative of -i**2/2 + 2*i - 2. Calculate g(y).
7
Let f(n) be the third derivative of -n**5/15 - n**4/12 + n**3/6 - 2*n**2. Let l(a) = a**2 - 2 - 2 - 8*a - 3 + a. Let j be l(8). Calculate f(j).
-5
Let r = -31 - -36. Let j(z) = 2*z + 2*z - r*z + 1 - 4. Calculate j(-6).
3
Let d(p) = -p**3 - 5 + 0*p - 14874*p**2 + 14881*p**2 - 3*p. Determine d(7).
-26
Suppose 3*t - 10 = -q + 7, 2*q = -8. Let g(i) = i**3 - 6*i**2 - 5*i + 2. Determine g(t).
16
Let f(k) = -k**2 - 5*k - 3. Let o(y) = 5*y. Let w = -5 + 6. Let t = -2 + w. Let x be o(t). Determine f(x).
-3
Let x(w) = -w - 3. Suppose -18 = 5*o + 4*h, 5*o - 2*h - 17 + 53 = 0. Calculate x(o).
3
Let g(p) be the second derivative of p**6/720 - 11*p**5/120 - 5*p**4/2 + 28*p. Let z(m) be the third derivative of g(m). Calculate z(6).
-5
Let i(t) be the second derivative of -t**6/120 - t**5/60 + t**4/12 + t**3/2 - 5*t**2/2 + 12*t. Let h(p) be the first derivative of i(p). Calculate h(-2).
3
Let z(k) be the first derivative of k**2/2 + 3*k - 1. Let x be (7 - 0)*(5 - (6 - 0)). Determine z(x).
-4
Let c(x) be the second derivative of 1/6*x**4 + 19*x + 1/6*x**3 + 1/2*x**2 + 0 + 1/20*x**5. Calculate c(-1).
1
Suppose 2 - 66 = -4*t. Let m(u) = u**2 - u + 1. Let o be m(3). Let d(s) = -o*s + t*s - 7*s. What is d(-1)?
-2
Suppose -3 = -4*q + m + 9, -3*q + 9 = -3*m. Let o(z) = z**3 - q*z + 3*z**2 + 2*z**2 - 3 - z + 11. Let v = -3 - 3. Determine o(v).
-4
Let o(u) be the second derivative of -3*u**5/20 + 5*u**4/12 - 2*u**3/3 - 113*u. Give o(2).
-12
Let i = -3 - -4. Let u(t) be the second derivative of -3*t**5/10 - t**4/12 + t**3/6 + 88*t. Give u(i).
-6
Let s(g) = 4*g + 21. Let n(p) = -3*p - 20. Let b(t) = -5*n(t) - 4*s(t). Give b(11).
5
Suppose 0 = 2*q - 4, -3*g + 4*q - 3 = -2*g. Let r(w) = -g - w - 2*w + 5*w. Let h be r(4). Let n(s) = -s + 3. What is n(h)?
0
Let f be (-26)/65 + 24/10. Suppose -5*k - p + 3 = 0, 0 = -0*k + 2*k + f*p - 6. Let i(u) = -u - 2. Give i(k).
-2
Let a(y) = 0*y - 10 + 8*y + 5*y - 2*y - 2*y**2 + 2*y. Determine a(6).
-4
Let o(p) = 4*p**2 - p - 2. Let j be (0 - -2)/(0 - -1). What is o(j)?
12
Let w be -3*5/((-15)/2). Suppose -5*d - 6 = -2*s - 2, -s + 4*d + w = 0. Let l(f) = f**2 + 1 + f - 2*f + 3*f + s*f**3 - 6*f**3. Calculate l(-1).
4
Let h = -49 - -51. Let k(y) = -9 + 40*y**2 - 19*y**h - y**3 - 2*y - 28*y**2. Determine k(-7).
5
Let b(z) = 3*z**3 - z + 2. Let p be b(1). Suppose -3*q + 12 = -0*q, -3*j = -q + p. Let s(g) = -g - 15. What is s(j)?
-15
Suppose -14 = 5*v + 6, 0 = o - 3*v - 14. Let t(r) = -5*r + 12. What is t(o)?
2
Let q(z) be the second derivative of -z**4/2 + z**3/3 - 3*z**2/2 - 25*z + 2. Determine q(1).
-7
Let j be -1 - (-3)/1 - 0. Let w(u) = -4*u + 0*u**j + u**2 - 2*u**2. Suppose -140*t = -138*t - 2, 0 = i - t + 5. Calculate w(i).
0
Let p(j) = -j**2 + 2*j. Let i = -10 - -49. Let n = i - 37. Calculate p(n).
0
Let b(h) = h**2 + h - 8. Let g(k) = -k**3 - k**2 - 2. Let j be g(-2). Suppose 0*o + 4*y = -3*o, 5*o + j*y = 0. Give b(o).
-8
Let k(r) = -6*r - 3. Let h(j) = 7*j + 4. Let n(u) = -5*h(u) - 6*k(u). Give n(-8).
-10
Let p(l) be the second derivative of l**5/20 - l**4/2 - l**3/3 + 7*l**2/2 - l + 85. Calculate p(6).
-5
Let l(g) = -35*g + 445. Let a be l(13). Let m(c) = 21*c + 59. Let d(j) = 4*j + 12. Let w(k) = 11*d(k) - 2*m(k). Give w(a).
-6
Suppose -7*o = -29 + 15. Let v(q) = -7 + 9 + o*q - 5 - 2. Give v(5).
5
Let b(s) = s - 1. Suppose -q = 14*w + 3*q - 138, 0 = w - q - 15. Calculate b(w).
10
Let t(d) = 16*d - 9. Suppose -10*n - 44 = -14. Let y(x) = 7*x - 5. Let k(w) = n*t(w) + 7*y(w). What is k(7)?
-1
Let m(a) be the third derivative of -a**6/120 + a**5/60 + a**4/8 - 2*a**3/3 + 46*a**2 + 1. What is m(-3)?
23
Let i(v) = -v**3 + 6. Suppose -u + 4 = 7*s - 4*s, 8 = -5*s + 2*u. Calculate i(s).
6
Let p(o) be the first derivative of -o**6/360 + 3*o**5/40 - o**4/4 - 12*o**3 - 28. Let i(n) be the third derivative of p(n). Calculate i(7).
8
Let o(d) = -2*d - 4. Let c(j) = j**2 - 13*j + 7. Suppose u - 4 = 0, 8*k - 4*u = 3*k + 44. Let q be c(k). Determine o(q).
6
Let t(a) be the first derivative of -a**3/3 - a**2 + 2*a - 4. Suppose 2*p + p = -2*u - 2, -3*u - 5*p - 2 = 0. Calculate t(u).
-6
Let b(q) = q**3 - 7*q**2 + 6*q - 2. Suppose 0 = 5*j + 259 - 289. What is b(j)?
-2
Let c(p) = -1 + 5*p - p**2 - 2*p - 2*p. Let v(x) = 3*x**2 - 8*x + 3. Let h(l) = -2*c(l) - v(l). Suppose -4*o + 2186 = 2170. Give h(o).
7
Let w(o) = -10 + 2 + 7 - o. Let u(y) = -19*y - 5. Let f(q) = u(q) - 4*w(q). Calculate f(-1).
14
Let x(y) = -2*y**3 + 4*y**2 - 5*y + 1. Let g be x(2). Let f(w) = w**2 + 9*w + 5. Determine f(g).
5
Let q(j) be the first derivative of -3*j**2/2 + 12*j - 253. Give q(5).
-3
Let t(y) be the third derivative of y**6/720 + y**5/10 - y**4/4 + 8*y**2. Let h(l) be the second derivative of t(l). Let s = -21 + 14. Give h(s).
5
Let m(i) = -7*i**3 - 7*i**2 + 7*i - 5. Let t(o) = -6*o**3 - 5*o**2 + 6*o - 6. Let h(r) = 5*m(r) - 6*t(r). Determine h(5).
6
Suppose -8*v + 9*v - 1 = 0. Let w(g) = -v + 3 + 1 + 7*g. Calculate w(-2).
-11
Let b(w) = -w**2 - 4*w. Let y be b(-3). Let o be 6*(-1 - y)/(-4). Let a(u) = -5 + 8*u + 3*u**2 - 10*u**2 + o*u**2. Calculate a(6).
7
Let w(n) = -2*n + 9. Let k = -303 + 310. Calculate w(k).
-5
Let w(f) = 219*f + 222*f - 440*f. Determine w(3).
3
Let c(g) = -g**3 - 2*g**2 + 2*g + 2. Suppos